of 543398.
2, 23, 11813
List the prime factors of 100827.
3, 17, 659
What are the prime factors of 195850?
2, 5, 3917
List the prime factors of 1682065.
5, 7, 11, 17, 257
What are the prime factors of 406711?
317, 1283
List the prime factors of 86416.
2, 11, 491
List the prime factors of 2332535.
5, 19, 43, 571
List the prime factors of 958204.
2, 13, 18427
List the prime factors of 18250564.
2, 19, 240139
What are the prime factors of 6759871?
29, 257, 907
What are the prime factors of 360918?
2, 3, 20051
List the prime factors of 36936857.
36936857
List the prime factors of 12810.
2, 3, 5, 7, 61
List the prime factors of 1363251.
3, 454417
What are the prime factors of 1629305?
5, 325861
List the prime factors of 14216171.
14216171
What are the prime factors of 892955?
5, 7, 31, 823
List the prime factors of 245779.
107, 2297
What are the prime factors of 7621650?
2, 3, 5, 16937
List the prime factors of 427429.
427429
What are the prime factors of 313849?
313849
What are the prime factors of 266719?
266719
What are the prime factors of 25433?
29, 877
What are the prime factors of 3194543?
11, 37, 47, 167
List the prime factors of 1693073.
1693073
List the prime factors of 118863.
3, 47, 281
What are the prime factors of 10725541?
47, 228203
List the prime factors of 7586605.
5, 13, 19, 6143
What are the prime factors of 4205854?
2, 2102927
List the prime factors of 572403.
3, 13, 1129
What are the prime factors of 184886?
2, 13, 547
List the prime factors of 41787394.
2, 11, 17, 111731
What are the prime factors of 18101?
23, 787
List the prime factors of 535699.
79, 6781
List the prime factors of 393280.
2, 5, 1229
List the prime factors of 9970399.
1163, 8573
What are the prime factors of 454671?
3, 7, 1031
List the prime factors of 21094825.
5, 843793
List the prime factors of 3819665.
5, 19, 31, 1297
What are the prime factors of 2462495?
5, 7, 19, 23
List the prime factors of 43961.
43961
List the prime factors of 4911845.
5, 131, 7499
What are the prime factors of 432546?
2, 3, 72091
List the prime factors of 19017273.
3, 11, 409, 1409
What are the prime factors of 16667309?
16667309
List the prime factors of 363234.
2, 3, 60539
What are the prime factors of 72351?
3, 8039
List the prime factors of 602923.
443, 1361
List the prime factors of 594503.
7, 13, 47, 139
What are the prime factors of 644227?
644227
What are the prime factors of 4305998?
2, 17, 89, 1423
What are the prime factors of 11601564?
2, 3, 13, 31, 2399
List the prime factors of 117556.
2, 29389
What are the prime factors of 1340062?
2, 670031
What are the prime factors of 161581?
7, 41, 563
List the prime factors of 272759.
272759
List the prime factors of 397657.
13, 181
What are the prime factors of 464849?
7, 11, 6037
List the prime factors of 386694.
2, 3, 7, 11, 31
List the prime factors of 29441242.
2, 23, 640027
List the prime factors of 2730937.
11, 248267
What are the prime factors of 1323135?
3, 5, 11
What are the prime factors of 9165986?
2, 1831, 2503
What are the prime factors of 414352?
2, 19, 29, 47
List the prime factors of 96031.
13, 83, 89
List the prime factors of 241821.
3, 97, 277
What are the prime factors of 600991?
37, 439
List the prime factors of 200064.
2, 3, 521
What are the prime factors of 348869?
41, 67, 127
What are the prime factors of 9997544?
2, 1249693
List the prime factors of 1274114.
2, 677, 941
What are the prime factors of 5499258?
2, 3, 113, 8111
What are the prime factors of 12145531?
17, 714443
List the prime factors of 104343.
3, 34781
List the prime factors of 1527851.
13, 211, 557
List the prime factors of 384415.
5, 76883
What are the prime factors of 403043?
403043
What are the prime factors of 617752?
2, 37, 2087
What are the prime factors of 310708?
2, 173, 449
What are the prime factors of 65813?
11, 31, 193
List the prime factors of 20511789.
3, 179, 38197
List the prime factors of 138171.
3, 11, 53, 79
What are the prime factors of 38185598?
2, 11, 79, 127, 173
List the prime factors of 5935728.
2, 3, 123661
List the prime factors of 1013659.
17, 59627
What are the prime factors of 11363399?
73, 155663
List the prime factors of 1185171.
3, 13, 30389
What are the prime factors of 17283155?
5, 701, 4931
What are the prime factors of 2439932?
2, 11, 23, 2411
What are the prime factors of 7275577?
227, 32051
What are the prime factors of 33695641?
7, 37, 130099
List the prime factors of 2913870.
2, 3, 5, 23, 41, 103
What are the prime factors of 307581?
3, 17, 37, 163
What are the prime factors of 64785?
3, 5, 7, 617
List the prime factors of 1506128.
2, 13, 557
What are the prime factors of 2478951?
3, 91813
What are the prime factors of 9714685?
5, 101, 19237
List the prime factors of 705893.
23, 47, 653
What are the prime factors of 594533?
594533
List the prime factors of 1119326.
2, 13, 43051
List the prime factors of 12993359.
19, 683861
What are the prime factors of 8275260?
2, 3, 5, 7, 17, 19, 61
List the prime factors of 9798972.
2, 3, 816581
List the prime factors of 13587588.
2, 3, 7, 1997
List the prime factors of 19441946.
2, 23, 37, 11423
What are the prime factors of 19050?
2, 3, 5, 127
List the prime factors of 186485.
5, 13, 19, 151
What are the prime factors of 123308?
2, 29, 1063
List the prime factors of 1286238.
2, 3, 214373
What are the prime factors of 2236190?
2, 5, 11, 29, 701
What are the prime factors of 57042?
2, 3, 3169
What are the prime factors of 1074396?
2, 3, 89533
What are the prime factors of 162634?
2, 233, 349
What are the prime factors of 2085532?
2, 59, 8837
List the prime factors of 1108788.
2, 3, 92399
List the prime factors of 511013.
511013
What are the prime factors of 420770?
2, 5, 7, 6011
List the prime factors of 360814.
2, 223, 809
What are the prime factors of 72374?
2, 36187
What are the prime factors of 29359?
11, 17, 157
List the prime factors of 78259.
78259
What are the prime factors of 9629628?
2, 3, 277, 2897
List the prime factors of 2073146.
2, 61, 16993
What are the prime factors of 3295849?
37, 281, 317
List the prime factors of 4771874.
2, 67, 149, 239
List the prime factors of 4190847.
3, 1396949
What are the prime factors of 1993364?
2, 23, 47, 461
List the prime factors of 283310.
2, 5, 41, 691
What are the prime factors of 635350?
2, 5, 97, 131
List the prime factors of 10913019.
3, 13, 29, 9649
List the prime factors of 122670.
2, 3, 5, 29, 47
List the prime factors of 127387.
13, 41, 239
What are the prime factors of 4920028?
2, 233, 5279
What are the prime factors of 7804300?
2, 5, 7, 11149
What are the prime factors of 3208583?
7, 131, 3499
What are the prime factors of 5635913?
19, 296627
What are the prime factors of 4312110?
2, 3, 5, 11, 73, 179
What are the prime factors of 514318?
2, 7, 17, 2161
List the prime factors of 4526177.
4526177
List the prime factors of 191925.
3, 5, 853
What are the prime factors of 4289342?
2, 2144671
List the prime factors of 116418.
2, 3, 19403
List the prime factors of 156373.
7, 89, 251
List the prime factors of 119696.
2, 7481
List the prime factors of 745530.
2, 3, 5, 24851
What are the prime factors of 26550?
2, 3, 5, 59
What are the prime factors of 91308?
2, 3, 7, 1087
What are the prime factors of 347369?
11, 23, 1373
What are the prime factors of 1170?
2, 3, 5, 13
What are the prime factors of 6502721?
17, 23, 16631
List the prime factors of 24045803.
17, 41, 34499
List the prime factors of 26863842.
2, 3, 17, 103, 2557
List the prime factors of 521654.
2, 7, 5323
What are the prime factors of 19494535?
5, 3898907
List the prime factors of 3110.
2, 5, 311
What are the prime factors of 918225?
3, 5, 7, 11, 53
List the prime factors of 826657.
13, 63589
What are the prime factors of 291927?
3, 31, 43, 73
What are the prime factors of 10511007?
3, 13, 269513
List the prime factors of 1346237.
31, 43427
List the prime factors of 19320389.
11, 41, 42839
What are the prime factors of 236416?
2, 1847
List the prime factors of 669100.
2, 5, 6691
List the prime factors of 1556630.
2, 5, 155663
List the prime factors of 1447355.
5, 7, 13, 3181
List the prime factors of 405049.
405049
List the prime factors of 360160.
2, 5, 2251
What are the prime factors of 2293903?
499, 4597
List the prime factors of 827520.
